00?
True
Is 527775 a multiple of 93?
True
Is 109 a factor of 3673652?
False
Is 18 a factor of 5795514?
True
Is 5735319 a multiple of 11?
False
Is 227298 a multiple of 43?
True
Is 9 a factor of 3505963?
False
Does 243 divide 691154?
False
Does 45 divide 5495221?
False
Does 80 divide 2611952?
False
Is 106155 a multiple of 337?
True
Does 296 divide 1696476?
False
Is 16 a factor of 4272752?
True
Is 188832 a multiple of 12?
True
Is 83710 a multiple of 22?
True
Is 4164380 a multiple of 925?
False
Is 50 a factor of 1476550?
True
Does 28 divide 74408?
False
Does 69 divide 474858?
True
Is 8711822 a multiple of 398?
True
Is 3731 a multiple of 15?
False
Is 27 a factor of 63180?
True
Is 187 a factor of 15328?
False
Is 263451 a multiple of 7?
False
Is 37 a factor of 2071964?
False
Is 491 a factor of 5851247?
True
Is 34 a factor of 7737755?
False
Is 216 a factor of 4093171?
False
Does 39 divide 518310?
True
Is 17 a factor of 1505027?
True
Is 185752 a multiple of 3?
False
Does 205 divide 62940?
False
Does 118 divide 9110351?
False
Does 28 divide 19757?
False
Does 27 divide 29268?
True
Is 228 a factor of 216600?
True
Is 12 a factor of 954006?
False
Is 52 a factor of 1851082?
False
Does 86 divide 1891226?
True
Is 313698 a multiple of 77?
True
Is 564 a factor of 42864?
True
Is 1162660 a multiple of 29?
False
Is 14 a factor of 195104?
True
Is 18 a factor of 21438?
True
Is 109 a factor of 148450?
False
Is 47 a factor of 669233?
True
Is 45 a factor of 327113?
False
Does 8 divide 109056?
True
Does 13 divide 1499017?
True
Is 22 a factor of 682504?
False
Does 5 divide 3295?
True
Does 38 divide 112572?
False
Does 194 divide 105924?
True
Is 936 a factor of 1191301?
False
Does 31 divide 14135635?
False
Is 318 a factor of 729263?
False
Is 2644584 a multiple of 24?
True
Does 1297 divide 14998508?
True
Is 19 a factor of 8206494?
False
Is 4672786 a multiple of 10?
False
Is 16 a factor of 714290?
False
Does 131 divide 1978891?
False
Is 425272 a multiple of 106?
True
Is 135635 a multiple of 140?
False
Does 253 divide 175076?
True
Is 34 a factor of 15638?
False
Does 400 divide 1456000?
True
Is 266835 a multiple of 248?
False
Does 300 divide 1212900?
True
Is 172 a factor of 8256?
True
Is 462000 a multiple of 825?
True
Does 184 divide 585336?
False
Does 3 divide 5211?
True
Does 443 divide 1776881?
False
Is 1342 a factor of 868274?
True
Does 21 divide 18837?
True
Does 12 divide 66972?
True
Is 39873 a multiple of 3?
True
Does 3 divide 41435?
False
Is 433 a factor of 1157739?
False
Does 10 divide 12950?
True
Is 796548 a multiple of 82?
True
Does 13 divide 3284?
False
Does 25 divide 86016?
False
Is 13 a factor of 1307605?
True
Is 114 a factor of 71817?
False
Does 73 divide 644371?
True
Does 42 divide 181860?
True
Does 3 divide 99535?
False
Is 2082866 a multiple of 94?
False
Does 7 divide 203392?
True
Does 61 divide 352396?
False
Is 393878 a multiple of 25?
False
Is 194832 a multiple of 22?
True
Is 13226 a multiple of 9?
False
Is 29863 a multiple of 12?
False
Is 7598 a multiple of 66?
False
Is 13 a factor of 287495?
True
Is 254 a factor of 286473?
False
Is 27211 a multiple of 9?
False
Does 47 divide 360726?
False
Does 7 divide 566552?
True
Does 12 divide 6072?
True
Is 33715 a multiple of 5?
True
Is 774757 a multiple of 514?
False
Is 1448081 a multiple of 93?
False
Is 4 a factor of 1027269?
False
Does 335 divide 25125?
True
Does 22 divide 155980?
True
Is 602 a factor of 1547655?
False
Is 751697 a multiple of 19?
True
Does 231 divide 6510580?
False
Does 99 divide 8596973?
False
Is 120 a factor of 5201160?
True
Is 7 a factor of 232400?
True
Does 23 divide 690675?
False
Is 174750 a multiple of 25?
True
Does 9 divide 8344055?
False
Is 4892766 a multiple of 19?
True
Does 143 divide 32513?
False
Is 16 a factor of 212099?
False
Is 79 a factor of 2438967?
True
Is 109704 a multiple of 173?
False
Does 50 divide 10383766?
False
Is 280 a factor of 565040?
True
Is 517754 a multiple of 166?
True
Is 2068872 a multiple of 24?
True
Is 3437 a multiple of 2?
False
Is 56 a factor of 809673?
False
Is 67884 a multiple of 12?
True
Is 54 a factor of 1514646?
True
Is 16 a factor of 394128?
True
Does 199 divide 22714?
False
Does 22 divide 5141511?
False
Does 32 divide 222989?
False
Is 1180357 a multiple of 108?
False
Is 13222 a multiple of 79?
False
Is 5 a factor of 1097750?
True
Is 17 a factor of 3439950?
True
Is 57 a factor of 45583?
False
Does 2 divide 46029?
False
Is 43 a factor of 192038?
True
Is 1262398 a multiple of 894?
False
Does 192 divide 379381?
False
Is 1095711 a multiple of 47?
True
Is 48144 a multiple of 114?
False
Is 55 a factor of 594359?
False
Is 116 a factor of 762102?
False
Is 5053241 a multiple of 31?
False
Does 219 divide 2233018?
False
Is 40 a factor of 11603?
False
Does 8 divide 97602?
False
Is 5525310 a multiple of 249?
True
Is 106684 a multiple of 5?
False
Does 6 divide 156889?
False
Is 5703835 a multiple of 12?
False
Does 740 divide 7115243?
False
Is 30 a factor of 3942570?
True
Is 312 a factor of 10094924?
False
Does 153 divide 1218015?
False
Is 13 a factor of 713453?
True
Is 159 a factor of 166473?
True
Does 264 divide 339358?
False
Is 57 a factor of 445876?
False
Does 977 divide 3296398?
True
Is 4427177 a multiple of 880?
False
Does 18 divide 139278?
False
Is 8288521 a multiple of 274?
False
Is 649950 a multiple of 75?
True
Is 426 a factor of 1753711?
False
Is 11 a factor of 2612203?
True
Does 258 divide 905070?
False
Is 63 a factor of 7498404?
False
Is 871426 a multiple of 53?
True
Does 9 divide 547991?
False
Is 173 a factor of 3740179?
False
Does 37 divide 107744?
True
Is 79 a factor of 3045365?
False
Is 599 a factor of 156308?
False
Does 1031 divide 26806?
True
Is 1766306 a multiple of 37?
True
Is 154584 a multiple of 171?
True
Is 10 a factor of 1163480?
True
Does 28 divide 6591713?
False
Is 3858867 a multiple of 27?
True
Is 504 a factor of 269136?
True
Does 137 divide 26441?
True
Is 297253 a multiple of 11?
True
Is 30 a factor of 69264?
False
Is 22774222 a multiple of 1917?
False
Is 81774 a multiple of 21?
True
Is 247 a factor of 650598?
True
Is 1433272 a multiple of 776?
True
Is 5 a factor of 409973?
False
Is 363 a factor of 33098?
False
Is 98427 a multiple of 57?
False
Does 21 divide 165342?
False
Is 159746 even?
True
Does 2 divide 164927?
False
Does 178 divide 17572374?
False
Does 1666 divide 12297569?
False
Is 15 a factor of 969945?
True
Does 16 divide 46960?
True
Is 134 a factor of 242254?
False
Is 392 a factor of 16170669?
False
Does 5 divide 503730?
True
Does 99 divide 68310?
True
Is 206579 a multiple of 167?
True
Is 16 a factor of 1615109?
False
Is 9 a factor of 1125?
True
Does 18 divide 8028810?
True
Is 1123 a factor of 18865277?
True
Is 6815 a multiple of 29?
True
Does 4 divide 555088?
True
Is 1247 a factor of 2489012?
True
Does 18 divide 10211940?
True
Is 11 a factor of 1608707?
False
Does 1311 divide 13570642?
False
Is 13 a factor of 861614?
True
Is 16 a factor of 376140?
False
Is 71 a factor of 164152?
True
Does 1499 divide 11780641?
True
Is 37 a factor of 1117437?
True
Is 27 a factor of 88182?
True
Is 8 a factor of 694930?
False
Is 376 a factor of 3777296?
True
Is 13 a factor of 2052154?
True
Does 102 divide 120156?
True
Is 353 a factor of 1000469?
False
Does 1253 divide 2237245?
False
Is 3996843 a multiple of 18?
False
Is 326964 a multiple of 66?
True
Is 9220858 a multiple of 56?
False
Is 79 a factor of 1120760?
False
Is 5591752 a multiple of 8?
True
Is 223 a factor of 668777?
True
Does 10 divide 1056848?
False
Is 95103 a multiple of 9?
True
Is 573923 a multiple of 165?
False
Is 5 a factor of 161157?
False
Does 27 divide 367146?
True
Does 19 divide 128547?
False
Is 19 a factor of 495368?
True
Is 635 a factor of 810260?
True
Is 114 a factor of 4558221?
False
Does 17 divide 2574108?
False
Does 15 divide 44145?
True
Does 64 divide 8133760?
True
Does 16 divide 5593456?
True
Is 11557408 a multiple of 164?
True
Is 409056 a multiple of 24?
True
Does 23 divide 1520075?
False
Is 302 a factor of 475998?
False
Does 135 divide 5487950?
False
Is 7548824 a multiple of 181?
False
Does 18 divide 1560486?
False
Is 185974 a multiple of 53?
False
Does 333 divide 252747?
True
Does 70 divide 501550?
True
Is 50400 a multiple of 42?
True
Is 984722 a multiple of 8?
False
Is 333324